 is the units digit of k?
3
Let w = -4 + 1. Let t(c) = -c**2 - 3*c + 4. Let k be t(-5). What is the units digit of k - -8 - w*3?
1
Suppose 11 - 1 = 2*h. Suppose 12 = h*z - 33. What is the units digit of z?
9
Suppose 0 = k - 2 - 0. Suppose 4*s + w - 43 = 0, 4*s + 2*w = -k*w + 52. What is the tens digit of s?
1
Let b(d) = d**3 - 7*d**2 - 4*d - 9. What is the tens digit of b(8)?
2
Let c(x) = -x**3 + 3*x**2 - 2*x - 1. Let b be c(2). Let n be 37/1 - b/(-1). Suppose -n = -5*r + i, -4*r + 4*i + 39 = r. What is the units digit of r?
7
Let p = 7 - 12. What is the units digit of 46/2 + p + 7?
5
Let a(x) = x**2 + 6*x + 2. Let p be a(-5). Let z = p - -6. Suppose -z*r + 4 = 3*i + 10, 0 = 2*i - 2*r - 16. What is the units digit of i?
3
Let a(x) be the first derivative of -x**4/4 + 7*x**3/3 - 3*x**2 + 5*x - 1. Let v = 29 + -23. What is the units digit of a(v)?
5
Suppose 0 = -4*k + k + 159. Let d = -31 + k. Suppose d + 6 = 4*x. What is the units digit of x?
7
Suppose -3*y - 6 + 0 = 0. Let u be ((-15)/6)/(1/y). Suppose 4*k - 15 = u. What is the units digit of k?
5
Suppose 0 = 9*p - 13*p + 124. What is the units digit of p?
1
Suppose -i - 3*i = -152. What is the units digit of i?
8
Let d(q) be the third derivative of q**6/60 - q**5/30 + q**4/8 - q**3/3 - 5*q**2. What is the tens digit of d(2)?
1
Let r be 72/20 - 4/(-10). Suppose 5*l = a - 34, r*l - 7 = 1. Suppose a = -0*t + 4*t. What is the tens digit of t?
1
Suppose 0 = 59*g - 58*g - 332. What is the tens digit of g?
3
What is the units digit of 184/6*5 + 10/15?
4
What is the tens digit of -1 - -1*(-45)/(-3)?
1
Let r = -83 - -118. Suppose 4*a - 5 = r. What is the tens digit of a?
1
Let z(t) = t**3 + 13*t**2 + 17*t + 14. Let o be z(-11). What is the tens digit of (1 + -2)/((-3)/o)?
2
Suppose -5*d = -2*d - 15. Let i = -3 + d. Suppose 16 = 6*c - i*c. What is the units digit of c?
4
Let j = -3 + -2. Let o = j + 5. What is the units digit of (6 - o)*2 - 2?
0
Let y(f) = 11*f**2 - 1. Let t = 0 + 1. What is the tens digit of y(t)?
1
Let v = -4 - -4. Suppose 3*t + 9 = -2*w, -3*w + 29 = -v*w - 4*t. What is the units digit of w?
3
Let g(i) = -i. What is the units digit of g(-13)?
3
Suppose 0 = -b - 3*o + 26, -2*o - 8 = -4*o. What is the units digit of b?
4
Let x(g) = -3*g + g**2 + 2*g**2 - 4 + 0*g. Let p(b) = -7*b**2 + 6*b + 8. Let z(y) = -2*p(y) - 5*x(y). What is the units digit of z(3)?
4
Suppose 7*c - 3*c - 16 = 0. Let b = 5 - c. What is the units digit of b?
1
Let a = 100 - 42. What is the units digit of a?
8
Let d be (-1 + 0 - 1)*16. Let o = -23 - d. Suppose 11 + o = 4*i. What is the units digit of i?
5
Let x(a) be the third derivative of 0*a**4 + 0 + 2*a**2 + 1/2*a**3 + 0*a + 1/60*a**5. What is the units digit of x(0)?
3
What is the units digit of (1*-223)/((72/(-8))/9)?
3
Suppose -c + 16 = 4*y, -3*c + 3*y = -5 + 2. Suppose c*o = -o + 135. What is the tens digit of o?
2
Let f be 5 + -2 + 4 + -2. Suppose -f*v = -25, -37 = 5*u - 5*v + 3. Let d(b) = -b**3 - b**2 + 5*b + 4. What is the units digit of d(u)?
7
Let t = 64 - -27. What is the tens digit of t?
9
Suppose -8*n + 288 = 3*y - 12*n, 480 = 5*y - 2*n. What is the units digit of y?
6
Suppose 3*a - 4 = 5, m - 99 = -5*a. What is the units digit of m?
4
Let u(h) = -49*h**2 + 6*h - 1. Let d(w) = -10*w**2 + w. Let j(n) = -11*d(n) + 2*u(n). What is the tens digit of j(2)?
4
Suppose 4*k + 5*p - 700 = 0, p - 175 = -3*k + 2*k. What is the hundreds digit of k?
1
Let i = 30 + 57. What is the units digit of i?
7
Let w(u) = -116*u**3 + u**2 + u. What is the hundreds digit of w(-1)?
1
Let u(x) = -3*x - 6. Let r be u(-4). Suppose r = -g + 4*c, 0*c + 30 = -g - 2*c. Let m = -10 - g. What is the tens digit of m?
1
Let s = 27 - 12. What is the units digit of (57/s + 1)*5?
4
Suppose -3*x = -98 + 32. What is the tens digit of x?
2
Suppose 2*z - 5*y - 79 = 0, 4*y + 167 = 4*z + 3*y. What is the tens digit of z?
4
Let i be 4*6/8 + -2. What is the units digit of i - (-3)/((-9)/(-69))?
4
Let v(z) = -z**3 - 7*z**2 - 4. Let k be v(-4). What is the units digit of 10/(-20)*k/1?
6
Let o be (-18)/27 - (-17)/3. Suppose o*w - m = -4*m + 135, 5*w + 5*m - 145 = 0. What is the tens digit of w?
2
Let n = -17 - -77. What is the units digit of n?
0
Suppose 0 = 2*m - 4*o - 6, -5*o = 2 - 12. What is the units digit of (-106)/4*(5 - m)?
3
Let u = 13 - 9. Let y(a) = a**2 - 3*a - 2. What is the units digit of y(u)?
2
Suppose -7*m = -2*m - 10. Suppose 0 = 4*i - m*k - 26, -2*i + 3*i - 2*k = -1. What is the units digit of i?
9
Let j(c) = -c + 3. What is the units digit of j(-5)?
8
Suppose 2*o = 5*u - 24, o - 1 = -2*u + 5. What is the tens digit of (20/(-6))/(u/(-18))?
1
Let f be 3/(9/(-3))*-5. Suppose 3*d + 132 = -p + 48, f*p = 2*d - 335. What is the units digit of 1/3 + p/(-9)?
8
Let j(z) = -7*z**3 + 18*z**2 - 5*z - 4. Let f(d) = -6*d**3 + 17*d**2 - 4*d - 5. Let i(l) = 6*f(l) - 5*j(l). What is the units digit of i(12)?
2
Suppose 4*a + 17 = 1. Let u(b) = b**2 + 3*b - 1. What is the units digit of u(a)?
3
Let l = 88 - -35. What is the tens digit of l?
2
Suppose 2*q - 12 = 28. Suppose 2*u = 6*u - q. Suppose 2*d = 3*l - 15, 0 = -3*l + u*d - 2*d + 12. What is the units digit of l?
7
Let h(q) = -q - 2. Let j(g) be the third derivative of -g**5/60 - g**4/4 - 5*g**3/6 - g**2. Let n be j(-6). What is the units digit of h(n)?
3
Suppose l + l - 106 = 0. What is the units digit of l?
3
Suppose t - 1 = 6. Let g = -6 + t. What is the units digit of g?
1
Suppose 0 = -2*g + 5*y + 68, -g - 4*y - 170 = -6*g. Suppose 4*p = g + 50. What is the tens digit of p?
2
Let b = 34 - 3. What is the tens digit of b?
3
Let g = 503 - 177. What is the hundreds digit of g?
3
Let d(b) = -b**3 - 3*b**2 + 2*b + 2. Let a be d(-3). Let c(j) = -j**3 - 4*j**2 + 2*j - 1. Let r be c(a). Let i = 21 + r. What is the units digit of i?
2
Let h(n) = n**3 - 7*n**2 - 7*n - 1. Let m be (-291)/(-15) + 2/(-5). Let l = m - 11. What is the units digit of h(l)?
7
Suppose b + 1 = -1. Let x = 11 - b. What is the units digit of x?
3
Let z be ((-3)/(-12))/((-3)/(-60)). Suppose -z*g + 36 = -49. What is the tens digit of g?
1
Suppose -2*n + n + 15 = 0. Suppose n = 2*l + l. Suppose -p = b - 7, -p - 6 = -l*b + 29. What is the units digit of b?
7
Let k = 9 + 0. Let t = k + 3. What is the tens digit of t?
1
Let i(r) = -r**2 + 7*r - 9. Let z be i(7). Let a = z - -23. What is the tens digit of a?
1
Let u(b) = b**3 - 5*b**2 - 5*b - 2. Let t be u(6). Suppose -22 + t = -2*f. What is the units digit of f?
9
Let g = -10 - -15. What is the units digit of g?
5
What is the tens digit of (3 - 2)/(4/484)?
2
Let v(i) = 3*i + 13. Let l(o) = -2*o - 9. Let r(k) = -7*l(k) - 5*v(k). Let g be 8/(-28) + (-75)/7. What is the units digit of r(g)?
9
Let j be 176/(-18) + 6/(-27). Let q = -6 - j. Let d(y) = y**3 - 3*y**2 - 3*y + 3. What is the units digit of d(q)?
7
Let n(v) = -4*v - 6. Let g be n(-4). Let k = g + -5. What is the units digit of k?
5
Let t(y) = y**2 + 5*y + 5. Let b be t(-5). Suppose 3*v = -0*v + 5*a + 62, b*v = -5*a + 90. Let s = -10 + v. What is the units digit of s?
9
Let m = 8 + -15. Let k = 16 + m. What is the units digit of k?
9
Suppose -3*t - 6 = 6. Let n = t + 10. What is the units digit of n?
6
Suppose 40 = 4*s + 2*l, -10 = -s + l - 3*l. What is the tens digit of s?
1
Let u(j) = j**3 - 9*j**2 + 8*j + 9. What is the units digit of u(8)?
9
Let y = -8 - -13. Suppose -4*d = y*r - 20, -2*r = 3*r - 3*d - 55. What is the units digit of r?
8
Suppose 5*n = 5*i + 15, 2*n = 4*i - 0 + 6. Suppose b + 0 - n = 0. What is the units digit of b?
3
Suppose -2*t - 68 = -l, -5*l = -6*l - 3*t + 68. Let u be l/(-6)*3/(-2). Let m = -9 + u. What is the units digit of m?
8
Let b(x) = -x**2 - 15*x + 8. What is the tens digit of b(-8)?
6
Let b(f) = 2*f**3 + 4*f**2 + 4. Let w be b(-3). What is the units digit of (-130)/(-4) - w/(-28)?
2
Let n(r) = -5*r + 82. What is the tens digit of n(0)?
8
Let g be 1/4*84/7. Suppose u = 2*p - 47, -g*u + 19 = p - 2*u. What is the units digit of p?
2
Let n(k) = -k**2 - 6*k + 4. Let y be n(-6). Let w(t) = t - y*t**2 + 7*t**2 + 3*t**3 - 4*t**3 + 4. What is the units digit of w(3)?
7
Let n(d) = d**3 + 7*d**2 + 7*d - 3. Let v be n(-5). Suppose -5*x = 5*w - 205, -w = -3*x - 26 + 5. Suppose -w = -4*f + v. What is the tens digit of f?
1
Let p(c) = 4*c**2 + 8*c - 10. Let i b